ided by 37.
34
Suppose 2483 - 2491 = -t. Calculate the remainder when 57 is divided by t.
1
Let p(t) = 14*t + 6. Calculate the remainder when p(7) is divided by ((-69)/23)/(2/(-18)).
23
Suppose -1656 = -23*b - 13*b. Calculate the remainder when b is divided by 4.
2
Calculate the remainder when 302 is divided by ((-828)/48 + -6)*(-16)/6.
54
Suppose -36246 = -50*f + 29*f. Calculate the remainder when f is divided by 13.
10
Suppose 70 = 6*a - 56. What is the remainder when a is divided by 8?
5
Let a(n) = -2 + 5*n + 3 - 6 - 19*n. Let i(l) = -l**3 + 13*l**2 + l - 3. Calculate the remainder when a(-3) is divided by i(13).
7
Let z = -1015 + 1018. Let w(g) = -6*g. What is the remainder when w(-1) is divided by z?
0
Let w be (-27)/4 - ((-18)/24 + 0). Calculate the remainder when 118 is divided by 3/w*3*(-80)/12.
8
Suppose -4*s - s = -3*q + 50, 3*s = -2*q + 8. Let g(p) = p**2 + 10. What is the remainder when g(-7) is divided by q/3*(19 - 13)?
19
Let u(q) = q + 1. What is the remainder when 36 is divided by u(4)?
1
Let a(z) = z**2 - 13*z - 36. Let t be a(15). What is the remainder when 39 is divided by (-2)/(18/(-69)) + t/(-18)?
7
Suppose 0 = -r - 5, 27 = v - 5*r + 1. Suppose -2*t + 83 = 5*g, 3*t - v = 11. Suppose -a + 1 + 7 = 0. Calculate the remainder when g is divided by a.
7
Let m be (18/(-5))/(51/3400). Let j be 3/4*(0 + 4). What is the remainder when 2/j - m/18 is divided by 5?
4
Suppose 15*v = 9*v + 192. What is the remainder when 1181 is divided by v?
29
Let w(x) = 18*x. Let b be w(4). Let d = -29 + b. Calculate the remainder when d is divided by (-3)/((-2)/(11 - 1)).
13
Let o = -175 - -72. Let h = -62 - o. Calculate the remainder when h is divided by 7.
6
Suppose -t - 5*r = -48, -3*t + 7*t = 5*r + 92. Calculate the remainder when 165 is divided by t.
25
Let w(h) = 20*h**2 + 3*h - 3. Let y(v) = -v**2 + v + 1. Let o be y(0). Calculate the remainder when w(o) is divided by 8.
4
Let w = 101 - 63. Suppose 3*r = 8*r - 20. Let l = 14 - r. Calculate the remainder when w is divided by l.
8
Let b(i) = -i**2 + 18*i - 22. What is the remainder when b(5) is divided by 28?
15
Let g(k) = -2*k**2 + 31*k. Calculate the remainder when 56 + -1 + (0 - -1) is divided by g(15).
11
Let n(c) = c**3 - 27*c**2 + 53*c + 66. What is the remainder when 562 is divided by n(25)?
139
Suppose 4 = 2*x - 2. Suppose r - x*r = -10. Suppose -w + 5*d + 9 = -32, 0 = 4*w + r*d - 114. What is the remainder when w is divided by 16?
15
Suppose 47 = -5*o + 377. Suppose -6*u + 0*u + o = 0. Calculate the remainder when 54 is divided by u.
10
Let p = -61 + 53. Calculate the remainder when 138 is divided by (-42)/((-4)/p + -2).
26
Suppose -5 = -5*n - 5*r, n - 5*n + 24 = -r. Calculate the remainder when 52 is divided by n.
2
Let u = -23 + 38. Let s = 3 - u. Let g = s - -37. Calculate the remainder when g is divided by 13.
12
Suppose -1115 = 4*u - 9*u. Let v(g) = -39*g - 1214. Let i be v(-32). Suppose 5*q - u = -4*x, x - i - 22 = -q. Calculate the remainder when x is divided by 15.
12
Let g(k) = 4*k**2 + 20*k + 71. Calculate the remainder when g(-3) is divided by (-2)/3*(-57)/2.
9
Let g(k) = -k + 1. Let s = -73 - -86. What is the remainder when s is divided by g(-3)?
1
Let y = -45 - -69. Calculate the remainder when 97 is divided by 489/y + (-12)/32.
17
Let v(j) = 5*j**2 - 19*j + 2. Calculate the remainder when v(4) is divided by 2.
0
Suppose -5*d = -3*b - 84, -54 = -2*d - b - 16. What is the remainder when d is divided by 3?
0
Let i = -282 + 351. What is the remainder when i is divided by 36?
33
Let l(p) = 2*p - 11. Suppose -3*c + 8*c - 80 = 0. Let g = -7 + c. Calculate the remainder when 13 is divided by l(g).
6
Let v = 106 - 82. Suppose -6*w = -v*w + 1800. What is the remainder when w is divided by 35?
30
Suppose 0 = 3*i - 52 - 50. What is the remainder when i is divided by 7?
6
Suppose 342*q + 47 = 344*q - 3*s, -5*q - 4*s = -60. What is the remainder when 181 is divided by q?
5
Let l be 3 + 0 - (2 - 7/(-1)). Calculate the remainder when (-3)/(l/8) + 12 is divided by 9.
7
Let b = -11 + 55. Let j = 4 + b. Calculate the remainder when j is divided by 25.
23
Suppose f = -0*f + 1, -2*w + 3*f - 611 = 0. What is the remainder when w/(-52) + (-4)/(-26) is divided by 6?
0
Suppose -s = -3*s + 28. Let c be -4 - (20 + 3 + -1). Let g = c + 30. Calculate the remainder when s is divided by g.
2
Suppose -40*p + 1105 = -p + 26*p. Suppose -276 = -4*n - 24. Calculate the remainder when n is divided by p.
12
Suppose -9*g = -4*g + 375. Let h be (-690)/g + 2/(-10). What is the remainder when 98 is divided by 6/(-4)*(-150)/h?
23
Suppose 5*w = 13 - 3. Suppose 2*u = 5*b + 19, -w*u - 12 - 4 = 2*b. What is the remainder when 11 is divided by 3 + (-5)/(b/3)?
5
Suppose -185 = -5*l - 4*j, -4*j = -l + 3*l - 74. Let v(y) = 27*y - 35. What is the remainder when v(4) is divided by l?
36
Suppose p = v + 4*p + 18, 50 = -5*v - 5*p. What is the remainder when 4*((-147)/v + -1) is divided by 19?
18
Let o(w) = w**3 + 10*w**2 + 11*w - 14. Let k be o(-6). Suppose -7*p = -k - 111. Calculate the remainder when 123 is divided by p.
23
Suppose -5*f - 121 = -486. Calculate the remainder when f is divided by 39.
34
Let c(x) = 4*x + 16. Let w be c(0). Let f = w + 3. What is the remainder when 69 is divided by f?
12
Let n = -7 - -12. Let b be (-32)/(-4)*7/2. Suppose u + b = n*u. Calculate the remainder when 27 is divided by u.
6
Let c(i) = 5*i**2 - i + 1. Let m(q) = -q - 3. Let o be m(-2). Calculate the remainder when 18 is divided by c(o).
4
Suppose 0 = 3*t + 28 + 38. Calculate the remainder when t/(-33) + 116/6 is divided by 8.
4
Suppose -10*j + 8*j + 8 = 0. Suppose 0*z + 5*i + 4 = z, -z - j*i = -22. What is the remainder when 26 is divided by z?
12
Suppose 0 = o - 2*o + 4. What is the remainder when (o/5)/(4/50) is divided by 3/8 - (-4545)/808?
4
Suppose -2*g = 33 + 27. Calculate the remainder when ((-1)/(-3))/((-20)/48)*g is divided by 3.
0
Suppose -3*y + 1102 = 286. Suppose -3*p = -6*p + 5*i + 187, 4*p = i + y. What is the remainder when p is divided by 29?
11
Let y be (17/5 - 1)*-20. Let r = y - -87. What is the remainder when r is divided by 11?
6
Suppose -q + s - 111 = 4*q, 90 = -4*q + 2*s. Let o = q + 64. What is the remainder when o is divided by 9?
6
Let a = 21 + -15. Suppose 0 = 2*r - a*r. What is the remainder when r + (-36)/(-2) + 1 is divided by 5?
4
Let q = 18 - 21. Let a(o) = -2*o + 11. Let v(h) = h - 11. Let w(p) = q*a(p) - 4*v(p). Calculate the remainder when w(15) is divided by 22.
19
Let f(y) = y**3 + 6*y**2 - 8*y + 3. Calculate the remainder when f(-7) is divided by (-17)/(-5) - 20/50.
1
What is the remainder when 450 is divided by (-5)/20*26*(-20)/2?
60
Let l(z) = -z. Let m(a) = 3*a**2 - 2*a - 3. Let o(w) = -3*l(w) + m(w). Calculate the remainder when (18/15)/(62/4185) is divided by o(-3).
18
Let l = 235 + -211. Calculate the remainder when 56 is divided by l.
8
What is the remainder when (-17 - -15)/(2/(-332)) + -1 is divided by 69?
55
Suppose -10*a = -9*a - 205. Suppose d + a = 3*g, -d + 3*d = g - 60. What is the remainder when g is divided by 9?
7
Suppose -10 = -3*h + 11. Let m(w) = 12*w - 4. Suppose 2*s - x - 13 + 2 = 0, 0 = 5*s - 5*x - 40. Calculate the remainder when m(s) is divided by h.
4
Suppose -7*l + 77 = -392. What is the remainder when l is divided by 35?
32
Suppose -3*p + 8 = 53. Let o(y) = y**2 + 13*y + 9. Calculate the remainder when o(p) is divided by 11.
6
Let a be (69/9)/((-3)/(-180)). Suppose 6*r = a - 142. Calculate the remainder when r is divided by 14.
11
Let t(m) = 6*m**3 - 4*m**2 + 5*m - 8. What is the remainder when t(3) is divided by 46?
41
Suppose -5*j - 17 = -z, 9*z - 4*j = 4*z + 22. Suppose z*o + 1 = 5*h + 43, -3*o + 3*h + 54 = 0. What is the remainder when 75 is divided by o?
11
Suppose -3*r - 217 = -2*b, 0 = 2*b - 4*r - 70 - 142. Suppose 8*o - b = 4*o. Calculate the remainder when o is divided by 15.
14
Let b(n) = -50*n**2 - 4 + 49*n**2 - 2 + 10*n. Let l be b(10). Calculate the remainder when 55 is divided by ((-3)/l - 0)*28.
13
Suppose 0*z - 5*j + 5 = -2*z, 0 = -4*z + 4*j + 8. Suppose -4*p - 5*a + 651 = -4*a, 5*p - z*a - 795 = 0. Calculate the remainder when p is divided by 33.
30
Let h(b) = 23*b**2. Calculate the remainder when h(1) is divided by 7.
2
Let k(z) = 2 - z + 3*z**2 + 